2475
-415e0 (base 15) to base 14
-5572a
Convert 378745 (base 16) to base 13.
9a5526
Convert -2120101 (base 7) to base 14.
-69901
aa275 (base 12) to base 11
144071
Convert -210211001000012 (base 3) to base 2.
-101100001110100100100101
Convert 4a5ca (base 13) to base 12.
674b5
What is -d0789 (base 14) in base 11?
-312375
Convert 143125 (base 6) to base 12.
7aa5
What is 110112012210120 (base 3) in base 14?
c5409b
Convert -2cfe29 (base 16) to base 4.
-23033320221
476fa (base 16) to base 12
1213b6
What is -2035214 (base 6) in base 7?
-556525
Convert 3901897 (base 10) to base 13.
a6801c
-5252111 (base 6) to base 16
-3e72b
What is 5c1c (base 15) in base 13?
8bcb
Convert 113343242 (base 7) to base 3.
111011202120212
Convert 347610 (base 8) to base 11.
81177
Convert 24420133 (base 5) to base 4.
320301133
What is -151214 (base 9) in base 4?
-112221112
What is -109de7 (base 16) in base 10?
-1088999
Convert 11101111100000101100010 (base 2) to base 10.
7848290
What is -241411021 (base 5) in base 10?
-1122636
12110012001002 (base 3) to base 16
2c34b3
What is -1201003211 (base 4) in base 8?
-1410345
What is 462547 (base 12) in base 14?
21387d
19a805 (base 13) to base 11
405677
78715 (base 9) to base 5
3133330
Convert 116311 (base 9) to base 12.
34791
Convert 388baa8 (base 12) to base 10.
11135072
What is -22343054 (base 6) in base 8?
-2464612
Convert -25015355 (base 7) to base 13.
-605537
Convert -30102304 (base 7) to base 14.
-48ab3b
-10010111010001011011 (base 2) to base 9
-1143846
Convert -5055a (base 16) to base 15.
-6776a
What is 1010001011101011011101 (base 2) in base 14?
4d6aa9
Convert 110334 (base 6) to base 2.
10001111110010
Convert 21110121021200 (base 3) to base 15.
535b39
Convert 1e149 (base 16) to base 7.
1022132
5cdd89 (base 15) to base 11
2570370
-19bcd (base 15) to base 12
-40504
What is -2532650 (base 8) in base 14?
-143ad2
1110110111100111 (base 2) to base 16
ede7
-131021211221 (base 4) to base 6
-431441025
574534 (base 9) to base 12
147464
-1603b9 (base 14) to base 2
-10111011110000101111
2456147 (base 11) to base 15
594be4
Convert -46121 (base 10) to base 13.
-17cba
What is 212211010121101 (base 3) in base 11?
7166819
What is -1003041144 (base 5) in base 3?
-10202202011010
What is 197669 (base 11) in base 8?
1117532
111033233 (base 4) to base 7
511466
11041041 (base 5) to base 13
34b51
What is -2c171 (base 15) in base 6?
-3013441
Convert -557b3 (base 15) to base 8.
-1022577
-101330055 (base 6) to base 10
-1753523
What is 2020110121022 (base 3) in base 14?
22da40
What is -8902 (base 10) in base 11?
-6763
12175316 (base 8) to base 6
133321314
101220101101002 (base 3) to base 8
26065074
Convert -3424110044 (base 5) to base 12.
-2687a13
879094 (base 13) to base 8
14126625
Convert -3145223 (base 8) to base 4.
-3030222103
Convert -101202221102011 (base 3) to base 16.
-576184
23522466 (base 7) to base 5
1013333200
Convert 186845 (base 12) to base 11.
27130a
What is -1230301103 (base 4) in base 11?
-284801
Convert 1140121012 (base 5) to base 3.
12000011212120
What is -148366 (base 13) in base 2?
-1111010111110011000
-21100110121122 (base 3) to base 10
-3906431
Convert -3a418ab (base 12) to base 11.
-6567373
Convert -13015433 (base 6) to base 13.
-11a38a
What is 1314103213 (base 5) in base 11?
1933205
-1124240133 (base 5) to base 11
-14a693a
484807 (base 10) to base 11
301274
-275747 (base 14) to base 7
-14362120
120540435 (base 6) to base 10
2283719
1111130322 (base 4) to base 12
14a676
-5263433 (base 9) to base 12
-b3a3b6
What is -33289 (base 12) in base 13?
-24b13
Convert -8a6837 (base 15) to base 16.
-64c258
-601512 (base 8) to base 3
-101000211222
Convert -4c1b6 (base 13) to base 14.
-39502
163088 (base 10) to base 4
213310100
-1100111100000 (base 2) to base 5
-202444
What is 1144401432 (base 5) in base 10?
2731492
Convert 293c6 (base 15) to base 3.
20201201220
What is -71a495 (base 11) in base 13?
-316181
-2334a87 (base 11) to base 4
-33203110123
What is -20ac3b9 (base 13) in base 10?
-9966251
Convert -2c1de (base 15) to base 12.
-6a348
What is -33217535 (base 8) in base 11?
-4044aa1
Convert -122200020011 (base 3) to base 9.
-580204
-110220122020 (base 3) to base 16
-3e0cd
What is -11101000111010000110 (base 2) in base 15?
-13c9e5
What is -9da7d (base 14) in base 10?
-383487
Convert 2959335 (base 10) to base 8.
13223747
-2c218 (base 13) to base 7
-466306
Convert -10000111110100011111 (base 2) to base 6.
-15531315
Convert 100010001100111101 (base 2) to base 11.
96288
Convert 2243004403 (base 5) to base 16.
4d04b6
Convert -a957a (base 11) to base 10.
-159081
What is 6086 (base 16) in base 8?
60206
-3334746 (base 8) to base 10
-899558
What is -3414426 (base 7) in base 13?
-11b0b0
Convert -637662 (base 9) to base 6.
-12045302
Convert -10001111001111110001 (base 2) to base 4.
-2033033301
What is 711091 (base 10) in base 3?
1100010102201
1222120011120 (base 3) to base 7
11650431
What is 2350413 (base 6) in base 11?
84687
What is 332335 (base 8) in base 3?
12200102010
Convert -2353102 (base 7) to base 8.
-1107464
What is -23430224 (base 5) in base 8?
-650734
What is -752998 (base 11) in base 8?
-4460304
Convert -52e4e (base 16) to base 7.
-2612616
-170456 (base 11) to base 8
-1003623
-569395 (base 14) to base 2
-1011001111000000000111
Convert -4453110 (base 6) to base 4.
-312322002
90c (base 15) to base 13
c09
2099d (base 15) to base 13
380c8
What is -123736 (base 9) in base 8?
-222316
Convert 3702151 (base 9) to base 2.
111101010100010100011
What is -213013230 (base 4) in base 3?
-22010210200
What is d925 (base 15) in base 5?
2432220
Convert 366705 (base 9) to base 8.
660423
-11124220 (base 5) to base 4
-120011331
What is -32c587 (base 15) in base 13?
-66a027
What is -1045152 (base 7) in base 12?
-62826
d58860 (base 14) to base 10
7207396
Convert -206022 (base 7) to base 8.
-105550
-13550050 (base 6) to base 15
-92ce9
Convert -34501533 (base 6) to base 9.
-2003813
-740060 (base 8) to base 3
-110111012000
124470 (base 9) to base 13
28479
What is 5d4ab9 (base 16) in base 3?
102111121210121
-1100101111100011 (base 2) to base 16
-cbe3
Convert -30272a (base 11) to base 16.
-76d26
Convert -400431103 (base 6) to base 2.
-11001110000110110101111
What is 1220101220 (base 3) in base 7?
214152
What is -2732471 (base 11) in base 3?
-22212200100220
3690152 (base 10) to base 2
1110000100111010101000
Convert a3da6 (base 14) to base 9.
661854
-283399 (base 10) to base 16
-45307
Convert 4bd650 (base 16) to base 6.
254305320
What is 100101111110010101 (base 2) in base 7?
1215321
What is -221112123 (base 4) in base 3?
-22121100000
Convert 25233351 (base 6) to base 11.
506116
Convert -65e6db (base 15) to base 13.
-1011383
12432b (base 13) to base 5
103001442
Convert 4622281 (base 9) to base 8.
11410631
Convert -102143423 (base 5) to base 3.
-210202002102
Convert 2eac (base 15) to base 12.
59a6
Convert -188571 (base 9) to base 7.
-1000360
Convert 1913452 (base 12) to base 6.
304322542
What is -2111413202 (base 5) in base 4?
-100303033101
Convert -451263 (base 8) to base 4.
-211022303
Convert 9683b (base 13) to base 8.
1022421
What is -11078a (base 16) in base 13?
-300ca5
Convert -22302032311 (base 4) to base 9.
-5278151
Convert -1300a4 (base 12) to base 7.
-2434120
-4b437 (base 15) to base 8
-725701
What is -221221020022 (base 3) in base 2?
-1111100101000000110
Convert -217b7 (base 13) to base 2.
-1110110011101100
-223301302 (base 4) to base 15
-381e4
What is -11110011111110011 (base 2) in base 5?
-12444130
688446 (base 9) to base 15
82570
1213948 (base 14) to base 7
133361221
-3340034 (base 5) to base 13
-20999
29919 (base 16) to base 4
221210121
Convert -12617508 (base 9) to base 10.
-6212222
What is -2498b (base 13) in base 10?
-67546
What is -87345 (base 10) in base 2?
-10101010100110001
Convert 31013313 (base 4) to base 15.
10dd6
-125160 (base 9) to base 5
-4412301
Convert 22077 (base 12) to base 6.
544231
Convert 8ca3a (base 15) to base 12.
197191
Convert -123112031 (base 4) to base 10.
-112013
26080e (base 16) to base 6
125231010
-176dbe (base 15) to base 4
-10111213100
Convert 23430251 (base 6) to base 7.
6150445
What is 1071862 (base 9) in base 14?
110d0d
What is -ea53a3 (base 16) in base 4?
-322211032203
-313142241 (base 5) to base 15
-1ab04b
Convert -8